e (5 - 6)*(3 + -1). Let i(r) = r**2 + 1. Let v(z) = l*i(z) - c(z). List the prime factors of v(6).
3, 11
Let q = 879 + -68. List the prime factors of q.
811
Suppose -j = -4*n + 12, 3*n = 6*j - 2*j + 9. Let x(m) = -2*m + 137. List the prime factors of x(j).
137
Let u(c) be the second derivative of c**5/15 + c**4/24 + c**3/6 + 5*c**2/2 - c. Let j(d) be the first derivative of u(d). What are the prime factors of j(2)?
19
Suppose 0 = 14*s - 29595 - 12251. What are the prime factors of s?
7, 61
Let r(v) = -2*v**3 - v**2 - 3*v - 7. Let t(b) = -b**3 - b - 1. Let j(y) = r(y) - t(y). Let q be j(-4). Suppose 5 - q = -3*i. What are the prime factors of i?
3, 5
Let b = 314 + -203. Let a = b - 47. List the prime factors of a.
2
Let f(c) = -c**2 + 7*c + 1. Let w be f(5). Let y = 9 - w. What are the prime factors of (-3)/(1 + y)*1?
3
Let y(q) = 133*q**2 + 13*q - 39. What are the prime factors of y(4)?
2141
Suppose -3*u = -4*x + 1830 + 1389, 5*x = u + 1084. Let g be u/11 - 4/(-22). Let d = g + 137. List the prime factors of d.
2, 5
Let k(x) = -x**3 + 5*x**2 - x + 2. Let d be k(4). Let o = 17 - d. Suppose -o*g = -2*g - 8. What are the prime factors of g?
2
Let w be 23/2 - (-3)/6. Let u be (-6)/w*(-1 - -1). List the prime factors of 6/(u - (-12)/56).
2, 7
Let t = 28 + -27. Let k be (t - (1 - -174))/(-2). Let p = k - 52. What are the prime factors of p?
5, 7
Let i(a) = 1044*a**2 - 22*a - 2. List the prime factors of i(2).
2, 5, 7, 59
Let n = 12 + -8. Suppose 0 = n*d + v - 193, 38 - 181 = -3*d + v. What are the prime factors of d?
2, 3
Let w be 454/6 - 4/6. Suppose -4*j - w = -9*j. List the prime factors of 378/j + 3/(-15).
5
Suppose -f - 4 = 0, 109 - 25 = i - 5*f. What are the prime factors of i?
2
Let p(c) be the third derivative of -c**5/60 + 7*c**4/24 - c**3/6 + c**2. What are the prime factors of p(3)?
11
Suppose 5 = -z + 2*z. Suppose z*d - 2 = 188. List the prime factors of 1 - 5 - -1*d.
2, 17
Let q = 0 + 164. List the prime factors of q.
2, 41
Let b be ((-24)/14)/((-1)/7). Let q = b + -10. List the prime factors of (25 - -4) + q/(-2).
2, 7
Suppose 6 = -v + 6*v + 3*b, 5*b = -5*v. Let m(f) = -2*f**2 + 3*f + 7. Let c be m(v). What are the prime factors of ((-5)/3)/(c/6)?
5
Let n = -14 - -20. Let z be 180/220 - 6/(-33). Let l = n + z. What are the prime factors of l?
7
Let j(n) = -5*n + 2 - 4*n**2 - n**2 - 2*n**2 + n**3. What are the prime factors of j(8)?
2, 13
Suppose 4*a - 6 = -5*d + a, 3*d + 6 = 3*a. Suppose d = -2*q - 0*q - 3*u + 28, 5*q - 49 = 3*u. List the prime factors of q.
11
Suppose -6*j + 776 + 8014 = 0. What are the prime factors of j?
5, 293
Suppose 4*l - 7 = 17. What are the prime factors of (116/(-6))/(l/(-9))?
29
Suppose -3*z + s + 149 = 0, z - 5*s - 57 = -s. List the prime factors of z + (7 - 2) - (2 - 0).
2, 13
Let b = 14 - 10. Suppose -413 = -b*y + 139. What are the prime factors of y?
2, 3, 23
Suppose 2 - 10 = 4*w. Let q be (-9)/6 + (-3)/w. Suppose 3*p + q*u = -u + 41, -u = -5*p + 63. List the prime factors of p.
13
Suppose 0*j + 5*v + 61 = 4*j, -4*v = -4*j + 56. Suppose 154 = 4*n - 2*b, -5*b = -j*b + 20. List the prime factors of n.
41
Suppose -2*d - 122 + 312 = 0. Suppose g + 4*g = d. Suppose 3*z = g + 5. What are the prime factors of z?
2
Let f = -33 + 21. Let z(x) be the first derivative of -x**4/4 - 4*x**3 - x**2/2 + x + 52. What are the prime factors of z(f)?
13
Suppose 8*a - 24 = -224. What are the prime factors of 744/10 + 10/a?
2, 37
Suppose 7*y = 61*y - 160002. List the prime factors of y.
2963
Suppose 156*c - 164*c + 9264 = 0. What are the prime factors of c?
2, 3, 193
Let y(g) = g**3 + g + 2. Let a be (-6)/9*(-3)/(-2). Let o be y(a). Suppose -2*p + 124 = 2*q, 0*q - 4*q - p + 242 = o. What are the prime factors of q?
2, 3, 5
Let n = 652 + 3105. What are the prime factors of n?
13, 17
Suppose -117 = 2*f - f. Suppose 0 = -2*b - 4, 5*b = -4*o - 5 - 29. What are the prime factors of (f/o)/((-6)/(-8))?
2, 13
Let p(w) = 2*w**2 - 23*w - 4. Let f be p(20). Suppose -74 = -5*m + 2*h + f, 3*m - 272 = -4*h. What are the prime factors of m?
2, 3, 7
Let g be 2 - -3 - (-6 - 5). Let p = g - -77. List the prime factors of p.
3, 31
Suppose 0 = -6*l + 4*l - 2. Let w(f) = -8*f - 1. Let n be w(l). Suppose 4*y = 5*s + 75, 4*s = -y + 52 - n. What are the prime factors of y?
5
Suppose 12*m - 11*m - 1 = 0. Let x = 25 + m. List the prime factors of x.
2, 13
What are the prime factors of -5 + (-10)/4*-80?
3, 5, 13
Let f(l) = 480*l**2 - l + 4. List the prime factors of f(1).
3, 7, 23
Let x = -23 + 26. Suppose 19 = i - x. List the prime factors of i.
2, 11
Suppose -2*w + 44 = -6*w + 4*m, -2*m - 26 = w. List the prime factors of (4/(-6))/((w/174)/4).
29
Let h = -415 - -592. Suppose 29 = -w + h. What are the prime factors of w?
2, 37
Let w = -10 + 17. Suppose 2*i = -w*u + 2*u + 145, 4*i - 263 = -u. List the prime factors of i.
5, 13
Let c(y) = y**2 + y - 12. Let n(a) = 2*a - 34. Let f be n(12). List the prime factors of c(f).
2, 3, 13
Suppose 0 = 14*k - 48*k + 54536. List the prime factors of k.
2, 401
Let r(c) = -c**2 - 11*c + 11. Let n be r(-11). Let h(k) = 4*k - 9. Let i be h(n). Suppose -28 = -3*f + i. What are the prime factors of f?
3, 7
Let d(f) be the second derivative of f**4/6 + 11*f**3/3 - 8*f**2 + f. Suppose -363*j + 48 = -367*j. What are the prime factors of d(j)?
2
Let p = -124 - -179. Let k = -26 + p. Suppose 0*w + k = w. List the prime factors of w.
29
Let l(v) = -198*v + 7. What are the prime factors of l(-1)?
5, 41
Let l(b) = -b**3 - b**2 + 2. Let k be l(0). Suppose k*m - 34 = m. List the prime factors of m.
2, 17
Suppose -22*q + 5217 = -11371. What are the prime factors of q?
2, 13, 29
Let n = -22 + 312. List the prime factors of n.
2, 5, 29
Let b(j) = -j**2 + 22*j - 18. Let u be (-2)/(20/38)*-5. List the prime factors of b(u).
3, 13
Suppose -4*g + 2*k + 479 = -g, -g + 3*k + 162 = 0. Suppose -4*m + g + 165 = 0. Suppose -4*y = 21 - m. What are the prime factors of y?
3, 5
Suppose 3*q + 3*p - 3984 = 0, 2*q + p + 495 = 3148. What are the prime factors of q?
5, 53
Let d = -133 - -195. List the prime factors of d.
2, 31
Suppose 0*c + 76 = 4*c. Suppose 5*p - 106 = c. List the prime factors of (-2 - 1) + (p - 0).
2, 11
Suppose -5*j + 1734 = m, -2*j = 9*m - 4*m - 8716. What are the prime factors of m?
2, 109
Let v = -41 + 86. Let n be (0 + -1)*(12 + 2). Let j = n + v. What are the prime factors of j?
31
Let o(s) = -21*s**3 + 8*s**2 + 52*s + 10. What are the prime factors of o(-4)?
2, 7, 13
Suppose -6*w + 189 = 3*w. Suppose -13*x + 10*x = -w. List the prime factors of x.
7
Let q = -233 + 129. What are the prime factors of (10 - q)/((-1)/2 - -2)?
2, 19
Let j(o) = -7*o + 83. What are the prime factors of j(-12)?
167
Let x = 52 + -63. Let c(t) = 2*t**2 + 12*t + 12. List the prime factors of c(x).
2, 61
List the prime factors of ((-20994)/(-21) - -4) + 4/14.
2, 251
Let m = -1320 + 2428. What are the prime factors of m?
2, 277
Let r = 17 + -12. Let g be (-354)/(-10) - (-4)/(-10). Suppose -3*c + g = 2*t, c - 40 = -0*c + r*t. List the prime factors of c.
3, 5
Let j(g) = -19*g + 1. Let w be j(7). List the prime factors of (-6444)/w + (-2)/(-11).
7
Let r(y) = 4*y**2 - 8*y + 2. What are the prime factors of r(5)?
2, 31
Suppose 10*i = 12*i - 5*x - 2302, -3*i - 3*x = -3474. List the prime factors of i.
2, 17
Let s = -2 + 2. Suppose 5*c + 26 = 3*y, 2*y + 0*c + c = s. Suppose y*z = -3*p + 30, 3*p - 2*p + 92 = 5*z. What are the prime factors of z?
2, 3
Let g(y) = y**2 + 12*y + 25. What are the prime factors of g(-17)?
2, 5, 11
Let n be (-15)/(-4) + (-33)/44. Let x be n/(-4)*12/(-1). Suppose -x = -3*a + 30. List the prime factors of a.
13
Let c(x) = -3*x**2 + x + 5. Let i be c(4). Let w = 124 + i. List the prime factors of w.
5, 17
Suppose a = 6*a - 45. Let h be 2*a*(-20)/(-8). Let c = -27 + h. What are the prime factors of c?
2, 3
Let l(g) = g**3 - 5*g**2 - 8*g + 14. Let w be l(6). Suppose -z - 38 = -2*j + w*z, j - 2*z - 19 = 0. List the prime factors of j.
19
Suppose 5*c + 4*a + 6 = 0, 0 = -0*a + 2*a + 8. List the prime factors of (-1 + c)/((-6)/(-414)).
3, 23
Let q(s) = 16*s + 6. Let y be q(-4). Let o = y + 86. Let l = -16 + o. List the prime factors of l.
2, 3
Suppose 0 = 2*m - 3*m - 35. What are the prime factors of 289*m/(-75) + (-4)/(-30)?
3, 5
List the